e highest common divisor of 32 and y.
2
Let k = -3 + 49. Suppose 10 = 5*x - 0*x. Let o be x/((30/115)/3). Calculate the greatest common factor of k and o.
23
Let i be ((-51)/(-6) + -1)/((-6)/(-40)). Let s = 72 - i. Suppose -w - w = -5*m - 16, 0 = -4*w + 5*m + s. What is the highest common divisor of 6 and w?
3
Let d be (-8)/10 + 931/95 + 290. Calculate the highest common divisor of d and 46.
23
Suppose -r - 8 = j, 6 = -j + 6*r - 5*r. Let g be ((-574)/42 - j)*(-9)/2. Calculate the greatest common factor of g and 510.
30
Let q(c) = 1603*c + 1583. Let g be q(6). What is the highest common factor of g and 69?
23
Let f be (78 - 24) + 3 + -15. Calculate the highest common factor of f and 63.
21
Let z = -3857 - -3858. What is the highest common factor of z and 751?
1
Let m = 593 + -363. Suppose 3*l + m = 1910. What is the highest common divisor of 35 and l?
35
Suppose 0 = -13*g + 132 - 41. Suppose g*s - 6 - 330 = 0. Let r be -3*16*(-2)/6. Calculate the highest common divisor of r and s.
16
Let b = 390 - 754. Let r be -1856*(2 + (b/16)/7). Let v be r/112 - 2/(-7). Calculate the highest common factor of 7 and v.
7
Let u be 4/3 + (-1)/3. Let o be (-5 - (-80)/8) + 395. Let t = -391 + o. Calculate the greatest common factor of t and u.
1
Suppose -21*v - 18 = -30*v. Suppose 5*x + 3*t = 12 + 14, 5 = -x - 4*t. What is the greatest common factor of x and v?
1
Let u = 3340 - 3156. What is the highest common factor of 299 and u?
23
Let p(q) be the first derivative of -q**2/2 + 121*q - 2. Let x be p(0). Suppose 0 = -507*c - 456*c + 10593. Calculate the highest common factor of c and x.
11
Let o be (1 + -2)*-5469*4/6. Suppose -21*z + o - 286 = 0. Calculate the greatest common factor of z and 10.
10
Suppose a = -0*a + 2*v + 10, a - 3*v - 13 = 0. Suppose 3*b = -d + 64, 27*b - 52 = 25*b - 3*d. What is the greatest common divisor of a and b?
4
Let t be (-4)/(-10) - 36/15 - (214 + -231). What is the greatest common divisor of t and 555?
15
Suppose -8*s = 4 + 220. Let n be (-3 - (-1)/(-2))*16/s. Suppose 18 = n*k - k. Calculate the greatest common factor of k and 90.
18
Let q = 4465 + -2720. Calculate the highest common factor of 10 and q.
5
Let f = 34819 + -24298. Calculate the greatest common divisor of 126 and f.
63
Let v = 1611 + -832. Let n = v - 749. Calculate the greatest common divisor of n and 14.
2
Let y(q) = q**3 - 97*q**2 + 1127*q + 404. Let v be y(84). What is the greatest common factor of v and 209?
209
Suppose 4*z - 1197 = -5*w, z + 659 + 66 = 3*w. Suppose 247 = 6*g + w. Calculate the greatest common divisor of g and 3.
1
Let v(s) = -s**3 - 2*s**2 + 2*s + 30. Let f be v(0). What is the greatest common divisor of 3840 and f?
30
Let w(y) = y**3 - 13*y - 9. Let f be w(-3). Let m = -28 - -37. Calculate the greatest common divisor of m and f.
3
Suppose 0 = -40*y + 166*y - 21546. What is the greatest common divisor of 27 and y?
9
Let n = -3183 + 4263. What is the greatest common factor of 580 and n?
20
Let q(o) = -8*o + 3. Let g be q(-1). Let d = g + -29. Let n be (d/4)/((-16)/32). Calculate the greatest common divisor of n and 1.
1
Let w(o) = 36*o - 26. Let s be w(2). Let j be 4576/253 - 4/s. What is the highest common divisor of j and 45?
9
Let o = 95 - -109. Let z be 4 + (2/(-3) - o/(-9)). What is the greatest common divisor of z and 208?
26
Suppose -13*o = -12*o - 238. Suppose -2*l = 4*d - 1306, 0 = -4*d - 5*l + 1077 + o. What is the highest common divisor of d and 25?
25
Let n = -48 + 84. Let l = -437819 + 437843. Calculate the highest common factor of n and l.
12
Suppose -4*p + 668 = -83*w + 85*w, 0 = 2*w + 5*p - 664. Suppose 4 = 5*l - 16, 0 = 5*c - 4*l - 74. Calculate the highest common factor of w and c.
18
Suppose 4520 = -18*a - 22*a. Let g be 226/a*(-84 - (0 + 0)). What is the greatest common divisor of 24 and g?
24
Let i = -665 - -21. Let h = 659 + i. Calculate the greatest common factor of 555 and h.
15
Suppose -2*v = -3*v - 12. Let z be -5 + (v/(-1) - -2). Let r be -1 - 5/(10/(-128)). What is the highest common divisor of r and z?
9
Let b be 337/(136/16 - 9). Let t = b + 696. Suppose -s + 4*h = -43, 3*s = -0*s - 3*h + 174. Calculate the greatest common divisor of t and s.
11
Suppose 54*u - 92 = 448. Let o(q) = 3*q + 20. Let m be o(u). Calculate the greatest common divisor of 50 and m.
50
Let o be 23/(207/1512) - 5*1. Suppose 8*a - o - 37 = 0. Calculate the highest common factor of 200 and a.
25
Let v be 107/107*(0/(-2) - -1887). Calculate the greatest common divisor of v and 119.
17
Suppose -42*y + 2879 = -2509 + 1272. Calculate the greatest common divisor of 126 and y.
14
Let u = -36060 - -36080. Calculate the greatest common factor of 38820 and u.
20
Let h be -7 + (-11 - -25) - -33. Calculate the highest common divisor of 6520 and h.
40
Suppose -12*o = -4*o - 456. Let b be (190/o)/(5/18). What is the highest common factor of 84 and b?
12
Let v be (4347/92)/((-2)/((-32)/3)). Let b = v + -204. What is the greatest common divisor of 6 and b?
6
Let m = 18 - 14. Suppose 0 = m*i - 221 - 247. Let u = 179 - i. Calculate the highest common factor of u and 93.
31
Suppose 0*a + 3*a + 2*d = 8, 5*d - 7 = -a. Suppose -2*b + 704 = a*b + 3*z, -5*z = 3*b - 528. What is the highest common factor of b and 33?
11
Suppose -4*c + 9*q = 4*q - 641, 0 = -5*c + 4*q + 808. Let z = -122 + c. Calculate the highest common divisor of 189 and z.
21
Suppose -2135 - 1285 = 30*m. Let h be (m/(-3) - -1) + (-1 - -4). Calculate the greatest common divisor of h and 12.
6
Let z = 1864 + -1858. Let y(c) be the second derivative of -7*c**3/6 - 5*c**2/2 - 4*c. Let v be y(-2). What is the highest common factor of v and z?
3
Suppose -98*s + 40101 = -8401 - 3732. Calculate the greatest common divisor of 1312 and s.
41
Suppose -5*v + 163 = -332. Suppose f + 1 = 2*o + 6, -3*o = -f + 8. Let r be (-33 + (-6 - o))*(-1)/4. Calculate the greatest common factor of v and r.
9
Let o(r) = 3*r**2 + 3*r. Let z be o(-4). Let h(u) = -u**2 + u + 116. Let x be h(0). Suppose 117*b = x*b + 90. What is the highest common factor of z and b?
18
Let f = -444 - -4220. Calculate the greatest common factor of f and 177.
59
Let g = -65 - -65. Let k be 3 + 1 - g/(-11). Suppose -3*s = -f - 268, -5*f = -k*s - 0*s + 372. What is the highest common factor of s and 22?
22
Suppose 2*j - 6*j = -1516. Suppose -30*m - 46*m = 0. Suppose -4*q = 5*f - m*q - j, 0 = -2*f + 4*q + 146. Calculate the greatest common divisor of f and 50.
25
Suppose -28 + 0 = -2*j + 4*x, -59 = -4*j + 5*x. Calculate the greatest common factor of 1084 and j.
4
Suppose -3*o + 1460 = 206. Let u = 13924 + -13810. What is the highest common divisor of u and o?
38
Let h(k) = 9*k - 207. Let m be h(24). Calculate the greatest common divisor of m and 147.
3
Let g be ((-70)/(-3))/(2/6). Suppose -m - 391 - 349 = -3*b, 2*b = 2*m + 500. What is the highest common factor of b and g?
35
Let g = -538 + 378. Let m = g + 190. What is the greatest common factor of 150 and m?
30
Let b(i) = -9*i - 14. Suppose 2 = -3*t - 16. Let r be b(t). Let c(f) = 3*f**2 + 4*f + 5. Let m be c(-3). Calculate the greatest common factor of r and m.
20
Let w(q) = 131*q - 130. Let a be w(6). Suppose -8*s - 56 + a = 0. What is the highest common divisor of 120 and s?
15
Let h(x) = 3*x**2 + 24*x - 25. Suppose -23 = q - t + 3*t, -3*q - 14 = -5*t. Let v be h(q). What is the greatest common factor of v and 425?
85
Let n be (-2965)/(-13) - 486/6318. What is the greatest common divisor of n and 4940?
76
Let m = -11 + 14. Suppose -2 + 5 = -3*g, m*z + 5*g = 82. Let a be -4 - z/(-4 + 30/8). Calculate the greatest common divisor of 14 and a.
14
Let k(r) = -3*r**3 - 15*r**2 - 71*r - 15. Let d be k(-5). Let t = 8 + 12. What is the greatest common divisor of t and d?
20
Let y(d) = -d**2 + 25*d - 143. Suppose -4*v - 5*n + n = -40, -3*v - 2*n + 31 = 0. Let k be y(v). Calculate the highest common divisor of 352 and k.
11
Suppose -77 = -4*p + 259. Let y(i) = -35*i**2 + 3*i + 5. Let u be y(-3). Let q = u - -340. What is the highest common divisor of q and p?
21
Let u(r) = r**2 - r + 25. Let f be u(0). Let d = 373467 + -373067. Calculate the greatest common divisor of d and f.
25
Let a(k) = k**2 + 36*k - 143. Let f be a(-42). Suppose -115*m + f*m = -726. Calculate the greatest common factor of 11 and m.
11
Let